7?
3, 13, 233
What are the prime factors of 98909?
98909
List the prime factors of 44789.
44789
List the prime factors of 11559.
3, 3853
What are the prime factors of 1547?
7, 13, 17
List the prime factors of 842.
2, 421
What are the prime factors of 1681?
41
List the prime factors of 1781.
13, 137
List the prime factors of 3142.
2, 1571
What are the prime factors of 10955?
5, 7, 313
What are the prime factors of 130694?
2, 101, 647
List the prime factors of 1858.
2, 929
What are the prime factors of 2393?
2393
What are the prime factors of 96138?
2, 3, 7, 109
What are the prime factors of 2856?
2, 3, 7, 17
What are the prime factors of 464?
2, 29
What are the prime factors of 115032?
2, 3, 4793
List the prime factors of 1948.
2, 487
List the prime factors of 83391.
3, 7, 11, 19
What are the prime factors of 5433?
3, 1811
List the prime factors of 2406.
2, 3, 401
List the prime factors of 37375.
5, 13, 23
What are the prime factors of 27390?
2, 3, 5, 11, 83
What are the prime factors of 28505?
5, 5701
List the prime factors of 3485.
5, 17, 41
List the prime factors of 8040.
2, 3, 5, 67
List the prime factors of 5015.
5, 17, 59
What are the prime factors of 3048?
2, 3, 127
What are the prime factors of 1900?
2, 5, 19
List the prime factors of 201159.
3, 7, 31, 103
What are the prime factors of 531?
3, 59
What are the prime factors of 1313?
13, 101
List the prime factors of 938.
2, 7, 67
List the prime factors of 43.
43
What are the prime factors of 87?
3, 29
What are the prime factors of 4249?
7, 607
List the prime factors of 1481.
1481
List the prime factors of 91545.
3, 5, 17, 359
What are the prime factors of 25380?
2, 3, 5, 47
What are the prime factors of 870?
2, 3, 5, 29
List the prime factors of 26230.
2, 5, 43, 61
List the prime factors of 57719.
57719
What are the prime factors of 495?
3, 5, 11
What are the prime factors of 13233?
3, 11, 401
List the prime factors of 6236.
2, 1559
What are the prime factors of 14692?
2, 3673
List the prime factors of 3926.
2, 13, 151
List the prime factors of 2933.
7, 419
List the prime factors of 4683.
3, 7, 223
What are the prime factors of 4059?
3, 11, 41
What are the prime factors of 10924?
2, 2731
List the prime factors of 158085.
3, 5, 1171
List the prime factors of 60199.
37, 1627
What are the prime factors of 15205?
5, 3041
What are the prime factors of 1517?
37, 41
List the prime factors of 18503.
18503
List the prime factors of 264.
2, 3, 11
List the prime factors of 28237.
11, 17, 151
List the prime factors of 2424.
2, 3, 101
List the prime factors of 981.
3, 109
List the prime factors of 4079.
4079
List the prime factors of 1596.
2, 3, 7, 19
List the prime factors of 4420.
2, 5, 13, 17
What are the prime factors of 28801?
83, 347
What are the prime factors of 987?
3, 7, 47
List the prime factors of 200.
2, 5
List the prime factors of 15669.
3, 1741
What are the prime factors of 972?
2, 3
What are the prime factors of 455?
5, 7, 13
List the prime factors of 18812.
2, 4703
List the prime factors of 15105.
3, 5, 19, 53
What are the prime factors of 16204?
2, 4051
What are the prime factors of 2900?
2, 5, 29
List the prime factors of 30143.
43, 701
List the prime factors of 71405.
5, 14281
List the prime factors of 19506.
2, 3, 3251
What are the prime factors of 5508?
2, 3, 17
What are the prime factors of 87305?
5, 19, 919
List the prime factors of 7807.
37, 211
What are the prime factors of 335?
5, 67
List the prime factors of 16403.
47, 349
What are the prime factors of 693?
3, 7, 11
List the prime factors of 417.
3, 139
List the prime factors of 8128.
2, 127
What are the prime factors of 91130?
2, 5, 13, 701
List the prime factors of 429.
3, 11, 13
What are the prime factors of 5640?
2, 3, 5, 47
What are the prime factors of 21747?
3, 11, 659
What are the prime factors of 11923?
11923
What are the prime factors of 11?
11
List the prime factors of 2277.
3, 11, 23
List the prime factors of 2828.
2, 7, 101
What are the prime factors of 1925?
5, 7, 11
What are the prime factors of 12453?
3, 7, 593
List the prime factors of 5689.
5689
List the prime factors of 754.
2, 13, 29
What are the prime factors of 14976?
2, 3, 13
List the prime factors of 3753.
3, 139
List the prime factors of 4201.
4201
What are the prime factors of 689?
13, 53
List the prime factors of 1805.
5, 19
What are the prime factors of 861?
3, 7, 41
What are the prime factors of 591?
3, 197
List the prime factors of 27554.
2, 23, 599
What are the prime factors of 50407?
7, 19, 379
List the prime factors of 772.
2, 193
What are the prime factors of 4574?
2, 2287
What are the prime factors of 3153?
3, 1051
What are the prime factors of 1270?
2, 5, 127
What are the prime factors of 4181?
37, 113
What are the prime factors of 82235?
5, 16447
What are the prime factors of 789?
3, 263
List the prime factors of 42308.
2, 7, 1511
What are the prime factors of 25356?
2, 3, 2113
List the prime factors of 1390.
2, 5, 139
List the prime factors of 1272.
2, 3, 53
List the prime factors of 4663.
4663
List the prime factors of 388.
2, 97
List the prime factors of 46398.
2, 3, 11, 19, 37
What are the prime factors of 2171?
13, 167
What are the prime factors of 6200?
2, 5, 31
What are the prime factors of 72638?
2, 36319
List the prime factors of 2172.
2, 3, 181
What are the prime factors of 846?
2, 3, 47
List the prime factors of 26285.
5, 7, 751
What are the prime factors of 18?
2, 3
List the prime factors of 13079.
11, 29, 41
What are the prime factors of 11433?
3, 37, 103
What are the prime factors of 257?
257
What are the prime factors of 77905?
5, 15581
List the prime factors of 2.
2
List the prime factors of 3120.
2, 3, 5, 13
What are the prime factors of 16208?
2, 1013
List the prime factors of 126240.
2, 3, 5, 263
List the prime factors of 1681.
41
List the prime factors of 626.
2, 313
List the prime factors of 5471.
5471
List the prime factors of 13391.
7, 1913
What are the prime factors of 1260?
2, 3, 5, 7
List the prime factors of 540.
2, 3, 5
List the prime factors of 1512.
2, 3, 7
List the prime factors of 60661.
60661
What are the prime factors of 498?
2, 3, 83
What are the prime factors of 9288?
2, 3, 43
What are the prime factors of 6495?
3, 5, 433
What are the prime factors of 75449?
11, 19
What are the prime factors of 1405?
5, 281
What are the prime factors of 23850?
2, 3, 5, 53
What are the prime factors of 877?
877
What are the prime factors of 2813?
29, 97
List the prime factors of 218.
2, 109
List the prime factors of 23858.
2, 79, 151
List the prime factors of 1675.
5, 67
What are the prime factors of 205?
5, 41
What are the prime factors of 35510?
2, 5, 53, 67
What are the prime factors of 59?
59
List the prime factors of 20603.
11, 1873
What are the prime factors of 24897?
3, 43, 193
What are the prime factors of 7995?
3, 5, 13, 41
What are the prime factors of 5396?
2, 19, 71
What are the prime factors of 27770?
2, 5, 2777
What are the prime factors of 5412?
2, 3, 11, 41
What are the prime factors of 3137?
3137
List the prime factors of 2284.
2, 571
What are the prime factors of 234?
2, 3, 13
List the prime factors of 42609.
3, 7, 2029
What are the prime factors of 766?
2, 383
What are the prime factors of 2376?
2, 3, 11
List the prime factors of 2068.
2, 11, 47
List the prime factors of 119.
7, 17
What are the prime factors of 39516?
2, 3, 37, 89
List the prime factors of 9021.
3, 31, 97
List the prime factors of 24748.
2, 23, 269
What are the prime factors of 16032?
2, 3, 167
What are the prime factors of 2154?
2, 3, 359
What are the prime factors of 198?
2, 3, 11
What are the prime factors of 4317?
3, 1439
List the prime factors of 7497.
3, 7, 17
What are the prime factors of 21744?
2, 3, 151
What are the prime factors of 294?
2, 3, 7
List the prime factors of 9196.
2, 11, 19
What are the prime factors of 1570?
2, 5, 157
What are the prime factors of 65338?
2, 7, 13, 359
List the prime factors of 729.
3
List the prime factors of 5859.
3, 7, 31
What are the prime factors of 13875?
3, 5, 37
What are the prime factors of 3628?
2, 907
List the prime factors of 1392.
2, 3, 29
List the prime factors of 32206.
2, 16103
What are the prime factors of 24773?
7, 3539
List the prime factors of 259.
7, 37
List the prime fa